j. Calculate the remainder when 61 is divided by o.
13
Let s = -1363 + 1375. Calculate the remainder when 100 is divided by s.
4
Let v(q) = 3*q**3 - q**2 + q. Let x = 1 + 0. Let p be v(x). Suppose 12 = p*y, -8 = -2*a + 2*y + 2*y. What is the remainder when 34 is divided by a?
10
Let f = -8 + 17. Let p be (0/(-2))/(5 + -2 - 4). Suppose 2*k - f - 17 = p. Calculate the remainder when 36 is divided by k.
10
Let b(d) = -3*d - 25. Let y = -21 - -29. Suppose 0 = 2*o + y + 12. Calculate the remainder when 17 is divided by b(o).
2
Suppose 110 = 235*s - 237*s. What is the remainder when 53 is divided by (-209)/s*(0 - -5)?
15
Suppose 0 = 9*s - 118 - 53. Calculate the remainder when 54 is divided by s.
16
Let u(v) = v**3 + 30*v**2 + 133*v - 33. Calculate the remainder when u(-24) is divided by 66.
33
Let r = -784 - -881. What is the remainder when r is divided by 23?
5
Suppose -5*i = 3 - 8, i + 369 = 5*x. What is the remainder when 91 is divided by x?
17
Let v(c) = c**2 - 13*c + 7. Let h(x) = x**2 - 13*x + 8. Let o(a) = 3*h(a) - 4*v(a). Suppose 0*b - 4*b = -84. What is the remainder when b is divided by o(12)?
5
Let t = 16 + -8. Suppose 3*b - t = -l - 0, -5*b + 10 = 0. Suppose 0*g - l*g - 16 = -2*o, 5*g = o - 28. Calculate the remainder when 8 is divided by o.
2
Let s = 75 - 57. What is the remainder when s is divided by 4?
2
Suppose 4*b - 43 = -11. Let q = 13 - -1. Calculate the remainder when q is divided by b.
6
Suppose 0 = 5*x - 3*x - 2*o - 94, 4*x = -3*o + 202. Let p(b) = -b**3 + 3 - b + 4*b**2 + b**2 + 2. Calculate the remainder when x is divided by p(4).
15
Let k be 107 + (-3 - -12)/3. Suppose -17 = 2*j + p + 54, -3*j - 5*p = k. Let f = j + 56. What is the remainder when f is divided by 11?
10
What is the remainder when 1*-5 - (-107 + 26) is divided by 42?
34
Suppose -f = -a - 4 + 58, 5*f = 20. Let j be (-2)/(-4 - (-63)/15). What is the remainder when a is divided by (-196)/j + 2/5?
18
Let q(v) = v**2 - 4*v + 9. Calculate the remainder when 240 is divided by q(-4).
35
Suppose -3*p + 10 = 82. Let i = p - -37. Calculate the remainder when 19 is divided by i.
6
Calculate the remainder when 41 is divided by 16 + 5 + -6 + 1.
9
What is the remainder when 163 is divided by (-15)/5 - (6*-1 + 0)?
1
Suppose -2*p + 118 = 4*t - p, 4*t + 2*p = 120. Calculate the remainder when 80 is divided by t.
22
Let t(l) = -l + 8. Let q(f) = -f + 59. Suppose -3*r + c + 1 = 0, 3*c = 2*c - 1. Calculate the remainder when q(r) is divided by t(-7).
14
Let d(j) = -35*j**3 - j**2 + j + 1. What is the remainder when d(-1) is divided by -2*(210/12)/(-5)?
6
Let f(k) = -2*k - 2. Let x be f(-3). Suppose -45 = -x*j + 15. Calculate the remainder when 42 is divided by j.
12
Suppose -4585 = -5*m + 5*h, 917 = -217*m + 218*m + 4*h. Calculate the remainder when m is divided by 46.
43
Let u = -148 - -167. What is the remainder when 32 is divided by u?
13
What is the remainder when ((-64)/6)/(62/(-2418)) is divided by 10?
6
Let h(u) = -39*u - 340. What is the remainder when h(-9) is divided by 5?
1
Let q = -48 + 72. Suppose -28 = -4*k - 2*f, f = 2*k - 3*f - 34. Calculate the remainder when q is divided by k.
6
Let f(z) = -z**3 - 8*z**2 - 2*z - 8. Suppose -20 = -3*o - 5*n, n - 11 = -3*o + 29. Let q = o - 2. What is the remainder when q is divided by f(-8)?
5
Let k(y) = -18*y + 249. What is the remainder when k(10) is divided by 37?
32
Suppose 0 = -5*t + 3*o + 35, -4*t - 4*o + 28 = -3*o. Suppose -t = l + 4*x, 4*l - 40 = -2*x + 3*x. Calculate the remainder when 25 is divided by l.
7
Let j(o) = -43*o - 3. Let n be j(1). Let y = n + 49. Suppose 0 = 5*m - 14 - 21. What is the remainder when m is divided by y?
1
Let o be (7/((-105)/18))/(2/5). Let r(w) = -3*w**3 - 6*w - 10. What is the remainder when r(o) is divided by (-136)/(-6) + (-1)/(-3)?
20
Let t(m) = m + 6. Suppose 632 = -3*y + 11*y. Let a = y - 33. What is the remainder when a is divided by t(6)?
10
Suppose 5*y - 70 = 5*o, -y + 2*o + 14 - 1 = 0. Calculate the remainder when 74 is divided by y.
14
Suppose -2 = l - 7. Suppose f = 2*u - 61, 36 = 2*u - 2*f + 6*f. What is the remainder when u is divided by l?
3
Suppose -5 = 6*h + 31. Let p be 39/h*(-9 - -7). What is the remainder when 1/1 + -6 + p is divided by 4?
0
What is the remainder when 2624 is divided by (10/(-4))/(86/(-2580))?
74
Let t = -3 - -6. Suppose 4*f + f - r = 145, -105 = -4*f + t*r. What is the remainder when f is divided by (-119)/(-14) + 1/(-2)?
6
Let r(i) = -4*i**2 - 141*i + 64. Calculate the remainder when r(-29) is divided by 66.
63
Suppose -2*f + 265 = -5*x, 0 = -5*x - 6*f + 9*f - 265. Let n = x - -89. Calculate the remainder when 102 is divided by n.
30
Let j = -1219 + 1229. What is the remainder when 245 is divided by j?
5
Suppose -4*f + 608 = -2*h, 0*f - 2*f = -5*h - 304. What is the remainder when f is divided by 51?
50
Suppose 8*i - 211 = 37. Suppose 2*z = -3*q + 23, -3*q + 51 + 20 = 5*z. What is the remainder when i is divided by z?
15
Let d = -57 - -92. Suppose -52*y + 28 = -56*y. Let c = y + d. Calculate the remainder when c is divided by 15.
13
Let v = -2284 - -2316. Suppose -4*u + 5*h = -5*u + 117, -512 = -4*u + 2*h. Calculate the remainder when u is divided by v.
31
Suppose -2*d - 13*y + 164 = -15*y, 5*y + 173 = 2*d. Calculate the remainder when d is divided by 43.
36
Let i = 409 - -301. Suppose 146 = q + 5*s, -2*q = 3*q + 5*s - i. Calculate the remainder when q is divided by 36.
33
Let a = 11 - 3. Let v(t) = 2*t - 10. Let b be v(8). Let u = b - -8. Calculate the remainder when u is divided by a.
6
Suppose 0 = -3*c - 7 + 61. Suppose -4*k - 50 = k. Calculate the remainder when (-615)/(-9) + k/(-15) is divided by c.
15
Let r(u) = u**2 + 6*u - 95. Let s(j) = -j**3 - 5*j**2 + 6*j + 3. What is the remainder when r(-15) is divided by s(-6)?
1
Suppose 0 = c - 13 + 1. Calculate the remainder when 687/21 + (-4)/(-14) is divided by c.
9
What is the remainder when 393 is divided by 33/(-11) + (-78)/(-2)?
33
Let l(d) = 6 + d**2 - 4*d + 2 + 0. What is the remainder when 84 is divided by l(-3)?
26
Let q be (15 - 12) + 245/(-1). Let g = q - -492. Calculate the remainder when g is divided by 21.
19
Suppose 4*d + 5*f = 19, -3*d + 2*d - 3*f + 3 = 0. Let a = 29 - 1. What is the remainder when a is divided by d?
4
Suppose 3*b = -2*a + 6*b + 183, 20 = 4*b. What is the remainder when a is divided by 93?
6
Let v(p) = -p**2 - 3*p - 10. Let d be v(-3). Let m(j) = j**3 + 10*j**2 - 3*j - 12. Calculate the remainder when 34 is divided by m(d).
16
What is the remainder when 225 is divided by (-24)/(-20)*285/6?
54
Let o(w) = -4*w - 18. Let p be (-45)/(-6)*(-8)/10. Let t be o(p). What is the remainder when 8 is divided by 6 + (t + -2)/(-4)?
3
Let i be 3/(2/2) - 4. What is the remainder when 83 is divided by (-5 - i)*(-301)/28?
40
Suppose 53*f = 264 - 52. Calculate the remainder when 8 is divided by f.
0
Let f be (3 - 6/4)*2. Suppose -f*c - 75 = 3*t, -4*t + 37 + 23 = -4*c. What is the remainder when (-1)/4 + (-265)/c is divided by 7?
6
Let r be (8/4)/((-3)/6) + 1. What is the remainder when 61 is divided by -8 + 13 - (0 + r)?
5
What is the remainder when 119 is divided by 4 - (5 + (-2 - 7))?
7
Suppose 0 = f + f - 70. Let d be -2 + ((-1)/(-3) - 926/6). Calculate the remainder when d/10*(-580)/87 is divided by f.
34
Suppose 4*g = -12*g + 208. What is the remainder when 87 is divided by g?
9
Let v = -82 - -123. Suppose 2*h = b - 32, 3*b + 13*h - v = 8*h. What is the remainder when 77 is divided by b?
11
Let j be (-12)/((9/(-6))/(-1)). What is the remainder when (-28)/j*6 - 0 is divided by 12?
9
Let m be 50/(-15)*27/6*-1. Suppose 7 = 16*o - m*o. Calculate the remainder when 22 is divided by o.
1
Let r(o) = o**3 - o**2 + 45. Suppose -2*i + 54 = -4*y, 3*i + 3*y - 6*y = 78. What is the remainder when r(0) is divided by i?
20
Let j be ((-6)/(-9) - (-4)/12) + 13. Suppose -6 = -y + j. Calculate the remainder when y is divided by (-2)/(2/(-11)) + 1.
8
Suppose -2*s - 3*s = -15. Let a(i) = -4*i**3 + 6*i**3 + 5*i**2 + s - i**3 + i**2 + 5*i. Calculate the remainder when 4 is divided by a(-5).
1
Suppose 8*c - 1961 + 401 = 0. What is the remainder when c is divided by 7?
6
Let o(j) = -98*j - 267. Calculate the remainder when o(-20) is divided by 16.
13
Suppose 0 = -4*j - 5*i + 149, 6*j - j - 4*i - 217 = 0. 